{"id":2333,"date":"2025-03-21T23:21:46","date_gmt":"2025-03-21T22:21:46","guid":{"rendered":"https:\/\/www.aspergeraragon.org.es\/?page_id=2333"},"modified":"2026-03-17T11:41:28","modified_gmt":"2026-03-17T10:41:28","slug":"noticias","status":"publish","type":"page","link":"https:\/\/www.aspergeraragon.org.es\/wordpress\/?page_id=2333","title":{"rendered":"NOTICIAS"},"content":{"rendered":"\t\t<div data-elementor-type=\"wp-page\" data-elementor-id=\"2333\" class=\"elementor elementor-2333\">\n\t\t\t\t<div class=\"elementor-element elementor-element-54ae892 e-flex e-con-boxed e-con e-parent\" data-id=\"54ae892\" data-element_type=\"container\" data-e-type=\"container\">\n\t\t\t\t\t<div class=\"e-con-inner\">\n\t\t\t\t<div class=\"elementor-element elementor-element-08b1dbd elementor-widget elementor-widget-image\" data-id=\"08b1dbd\" data-element_type=\"widget\" data-e-type=\"widget\" data-widget_type=\"image.default\">\n\t\t\t\t<div class=\"elementor-widget-container\">\n\t\t\t\t\t\t\t\t\t\t\t\t\t\t\t<img fetchpriority=\"high\" decoding=\"async\" width=\"513\" height=\"247\" src=\"https:\/\/www.aspergeraragon.org.es\/wordpress\/wp-content\/uploads\/2025\/03\/logo_clickAragon.png\" class=\"attachment-large size-large wp-image-2332\" alt=\"\" srcset=\"https:\/\/www.aspergeraragon.org.es\/wordpress\/wp-content\/uploads\/2025\/03\/logo_clickAragon.png 513w, https:\/\/www.aspergeraragon.org.es\/wordpress\/wp-content\/uploads\/2025\/03\/logo_clickAragon-300x144.png 300w\" sizes=\"(max-width: 513px) 100vw, 513px\" \/>\t\t\t\t\t\t\t\t\t\t\t\t\t\t\t<\/div>\n\t\t\t\t<\/div>\n\t\t\t\t\t<\/div>\n\t\t\t\t<\/div>\n\t\t<div class=\"elementor-element elementor-element-4d62e9c e-flex e-con-boxed e-con e-parent\" data-id=\"4d62e9c\" data-element_type=\"container\" data-e-type=\"container\">\n\t\t\t\t\t<div class=\"e-con-inner\">\n\t\t\t\t<div class=\"elementor-element elementor-element-7e596a0 elementor-widget elementor-widget-text-editor\" data-id=\"7e596a0\" data-element_type=\"widget\" data-e-type=\"widget\" data-widget_type=\"text-editor.default\">\n\t\t\t\t<div class=\"elementor-widget-container\">\n\t\t\t\t\t\t\t\t\t<p style=\"text-align: justify;\"><span style=\"font-size: 14px;\"><strong>La <\/strong><strong>Asociaci\u00f3n<\/strong><strong> Cultural de Coleccionistas de figuras de acci\u00f3n y juguetes de Arag\u00f3n, dentro de su compromiso solidario, ha hecho una donaci\u00f3n econ\u00f3mica generosa. fruto de las recaudaciones que realizan con las muestras de figuras de Playmobil. Agradecemos su contribuci\u00f3n y os animamos a visitar sus exposiciones. Os dejamos el enlace de su p\u00e1gina web.<\/strong><\/span><\/p><p><strong>\u00a0<\/strong><\/p><p><span style=\"font-size: 14px;\"><a href=\"https:\/\/www.clickaragon.es\/\">https:\/\/www.clickaragon.es\/<\/a><\/span><\/p>\t\t\t\t\t\t\t\t<\/div>\n\t\t\t\t<\/div>\n\t\t\t\t\t<\/div>\n\t\t\t\t<\/div>\n\t\t<div class=\"elementor-element elementor-element-11a7b79 e-flex e-con-boxed e-con e-parent\" data-id=\"11a7b79\" data-element_type=\"container\" data-e-type=\"container\">\n\t\t\t\t\t<div class=\"e-con-inner\">\n\t\t\t\t<div class=\"elementor-element elementor-element-bd4d9a7 elementor-widget elementor-widget-text-editor\" data-id=\"bd4d9a7\" data-element_type=\"widget\" data-e-type=\"widget\" data-widget_type=\"text-editor.default\">\n\t\t\t\t<div class=\"elementor-widget-container\">\n\t\t\t\t\t\t\t\t\t<h2 style=\"text-align: center;\">D\u00eda Internacional del S\u00edndrome de Asperger\u00a0<\/h2><h2 style=\"text-align: center;\">Apariciones en medios (18 de febrero)<\/h2><p>Con motivo del D\u00eda Internacional del S\u00edndrome de Asperger, nuestra asociaci\u00f3n ha participado en distintos medios de comunicaci\u00f3n para dar visibilidad, concienciar sobre la situaci\u00f3n de nuestro colectivo.<\/p><p><strong>\ud83d\udcfa Arag\u00f3n TV \u2013 Buenos D\u00edas Arag\u00f3n<\/strong><br \/>Minuto 38 \u2013 Entrevista en directo sobre la detecci\u00f3n temprana del s\u00edndrome de Asperger.<br \/><a href=\"https:\/\/alacarta.aragontelevision.es\/informativos\/buenos-dias-aragon-18022026-0800\" target=\"_blank\" rel=\"noopener\">\ud83d\udc49 Ver programa<\/a><\/p><p><strong>\ud83d\udcfa Arag\u00f3n TV \u2013 Arag\u00f3n Noticias 1<\/strong><br \/>Minuto 21 \u2013 Cobertura informativa del D\u00eda Internacional del S\u00edndrome de Asperger.<br \/><a href=\"https:\/\/alacarta.aragontelevision.es\/informativos\/aragon-noticias-1-18022026-1400\" target=\"_blank\" rel=\"noopener\">\ud83d\udc49 Ver noticia<\/a><\/p><p><strong>\ud83d\udcfb Onda Cero \u2013 M\u00e1s de Uno Zaragoza<\/strong><br \/>Minuto 49 \u2013 Participaci\u00f3n en el programa con motivo del d\u00eda de concienciaci\u00f3n.<br \/><a href=\"https:\/\/www.ondacero.es\/podcast\/emisoras\/zaragoza\/mas-de-uno-zaragoza\/mas-uno-zaragoza-18022026_202602186995b7990b78e5169b3ad641.html\" target=\"_blank\" rel=\"noopener\">\ud83d\udc49 Escuchar programa<\/a><\/p><p><strong>\ud83d\udcf0 Cadena SER<\/strong><br \/>\u201cArag\u00f3n visibiliza el D\u00eda Internacional del S\u00edndrome de Asperger con un llamamiento urgente a la inclusi\u00f3n social\u201d.<br \/><a href=\"https:\/\/cadenaser.com\/aragon\/2026\/02\/18\/aragon-visibiliza-el-dia-internacional-del-sindrome-de-asperger-con-un-llamamiento-urgente-a-la-inclusion-social-radio-zaragoza\/\" target=\"_blank\" rel=\"noopener\">\ud83d\udc49 Leer noticia<\/a><\/p><p><strong>\ud83d\udcfb Radio Marca (iVoox)<\/strong><br \/>Minuto 1:32 \u2013 Entrevista relacionada con la jornada.<br \/><a href=\"https:\/\/go.ivoox.com\/rf\/168662521\" target=\"_blank\" rel=\"noopener\">\ud83d\udc49 Escuchar entrevista<\/a><\/p><p><strong>\ud83d\udcfb Radio Ebro<\/strong><br \/>Entrevista realizada con motivo del D\u00eda del Asperger y otra previa relacionada con la carrera solidaria.<br \/><em>(Enlace no disponible actualmente)<\/em><\/p><p>Desde la asociaci\u00f3n agradecemos a todos los medios su implicaci\u00f3n y apoyo en la difusi\u00f3n y visibilizaci\u00f3n del s\u00edndrome de Asperger.<\/p>\t\t\t\t\t\t\t\t<\/div>\n\t\t\t\t<\/div>\n\t\t\t\t\t<\/div>\n\t\t\t\t<\/div>\n\t\t\t\t<\/div>\n\t\t","protected":false},"excerpt":{"rendered":"<p>La Asociaci\u00f3n Cultural de Coleccionistas de figuras de acci\u00f3n y juguetes de Arag\u00f3n, dentro de su compromiso solidario, ha hecho una donaci\u00f3n econ\u00f3mica generosa. fruto de las recaudaciones que realizan con las muestras de figuras de Playmobil. Agradecemos su contribuci\u00f3n &hellip; <a href=\"https:\/\/www.aspergeraragon.org.es\/wordpress\/?page_id=2333\">Sigue leyendo <span class=\"meta-nav\">&rarr;<\/span><\/a><\/p>\n","protected":false},"author":1,"featured_media":0,"parent":0,"menu_order":0,"comment_status":"closed","ping_status":"closed","template":"","meta":{"footnotes":""},"class_list":["post-2333","page","type-page","status-publish","hentry"],"jetpack_sharing_enabled":true,"_links":{"self":[{"href":"https:\/\/www.aspergeraragon.org.es\/wordpress\/index.php?rest_route=\/wp\/v2\/pages\/2333","targetHints":{"allow":["GET"]}}],"collection":[{"href":"https:\/\/www.aspergeraragon.org.es\/wordpress\/index.php?rest_route=\/wp\/v2\/pages"}],"about":[{"href":"https:\/\/www.aspergeraragon.org.es\/wordpress\/index.php?rest_route=\/wp\/v2\/types\/page"}],"author":[{"embeddable":true,"href":"https:\/\/www.aspergeraragon.org.es\/wordpress\/index.php?rest_route=\/wp\/v2\/users\/1"}],"replies":[{"embeddable":true,"href":"https:\/\/www.aspergeraragon.org.es\/wordpress\/index.php?rest_route=%2Fwp%2Fv2%2Fcomments&post=2333"}],"version-history":[{"count":9,"href":"https:\/\/www.aspergeraragon.org.es\/wordpress\/index.php?rest_route=\/wp\/v2\/pages\/2333\/revisions"}],"predecessor-version":[{"id":3106,"href":"https:\/\/www.aspergeraragon.org.es\/wordpress\/index.php?rest_route=\/wp\/v2\/pages\/2333\/revisions\/3106"}],"wp:attachment":[{"href":"https:\/\/www.aspergeraragon.org.es\/wordpress\/index.php?rest_route=%2Fwp%2Fv2%2Fmedia&parent=2333"}],"curies":[{"name":"wp","href":"https:\/\/api.w.org\/{rel}","templated":true}]}}